 is divided by 30?
21
Calculate the remainder when 1448570 is divided by 961.
343
Calculate the remainder when 8945083 is divided by 344041.
17
Calculate the remainder when 40951260 is divided by 3602.
122
What is the remainder when 625018 is divided by 2881?
2722
Calculate the remainder when 478977974 is divided by 801.
800
Calculate the remainder when 277618 is divided by 778.
650
Calculate the remainder when 106639587 is divided by 27.
9
Calculate the remainder when 72543948 is divided by 481.
9
What is the remainder when 23474 is divided by 21510?
1964
Calculate the remainder when 709115 is divided by 4297.
110
What is the remainder when 286258 is divided by 1322?
706
Calculate the remainder when 51390 is divided by 10213.
325
What is the remainder when 1789667 is divided by 119?
26
Calculate the remainder when 13900839 is divided by 6950078.
683
Calculate the remainder when 782485 is divided by 5472.
5461
Calculate the remainder when 566865 is divided by 105.
75
Calculate the remainder when 11426269 is divided by 88.
85
What is the remainder when 2119412 is divided by 1479?
5
Calculate the remainder when 195883 is divided by 64983.
934
What is the remainder when 55802 is divided by 23466?
8870
Calculate the remainder when 5304014 is divided by 2727.
2726
Calculate the remainder when 47547173 is divided by 2796891.
26
What is the remainder when 2425750 is divided by 8853?
28
Calculate the remainder when 130303 is divided by 1776.
655
Calculate the remainder when 211145 is divided by 873.
752
What is the remainder when 10228414 is divided by 2045679?
19
What is the remainder when 747351 is divided by 1271?
3
What is the remainder when 432593 is divided by 3326?
213
What is the remainder when 63554960 is divided by 253207?
3
What is the remainder when 927262 is divided by 18922?
84
What is the remainder when 93433638 is divided by 31144542?
12
Calculate the remainder when 19965 is divided by 2707.
1016
What is the remainder when 88297 is divided by 446?
435
What is the remainder when 383039 is divided by 47014?
6927
What is the remainder when 7870490 is divided by 160622?
12
What is the remainder when 2792320 is divided by 595?
580
Calculate the remainder when 8014750 is divided by 667895.
10
Calculate the remainder when 1856872 is divided by 14737.
10
Calculate the remainder when 21120693 is divided by 718.
5
Calculate the remainder when 1036253 is divided by 115138.
11
Calculate the remainder when 7179323 is divided by 421.
10
Calculate the remainder when 88020 is divided by 1301.
853
What is the remainder when 23438 is divided by 250?
188
Calculate the remainder when 259002 is divided by 7.
2
Calculate the remainder when 5643 is divided by 2771.
101
What is the remainder when 85179 is divided by 515?
204
Calculate the remainder when 5835 is divided by 867.
633
Calculate the remainder when 3401168 is divided by 532.
92
What is the remainder when 42753190 is divided by 4028?
4026
Calculate the remainder when 2157668 is divided by 22953.
86
What is the remainder when 12906099 is divided by 193?
189
Calculate the remainder when 4546268 is divided by 378844.
140
What is the remainder when 15053133 is divided by 1447?
1439
What is the remainder when 1808966 is divided by 634?
164
Calculate the remainder when 950887 is divided by 949281.
1606
What is the remainder when 7455575 is divided by 1900?
1875
Calculate the remainder when 9484386 is divided by 4742175.
36
What is the remainder when 1227770 is divided by 231?
5
Calculate the remainder when 12424038 is divided by 153383.
15
Calculate the remainder when 287395 is divided by 13038.
559
What is the remainder when 12457 is divided by 6132?
193
What is the remainder when 3720524 is divided by 43?
35
What is the remainder when 143617140 is divided by 2503?
6
Calculate the remainder when 1503763 is divided by 1488.
883
What is the remainder when 1339204 is divided by 1339197?
7
Calculate the remainder when 1583907 is divided by 217.
24
What is the remainder when 264603230 is divided by 131?
129
What is the remainder when 3323446 is divided by 558?
556
What is the remainder when 9289688 is divided by 194?
192
What is the remainder when 281049 is divided by 70249?
53
What is the remainder when 36104832 is divided by 1900254?
6
Calculate the remainder when 36406294 is divided by 17.
12
What is the remainder when 443416 is divided by 29534?
406
What is the remainder when 4241087 is divided by 315?
242
Calculate the remainder when 360224 is divided by 119993.
245
What is the remainder when 91308 is divided by 3990?
3528
What is the remainder when 135894 is divided by 67774?
346
Calculate the remainder when 866742 is divided by 2.
0
What is the remainder when 29295564 is divided by 951?
9
Calculate the remainder when 3689349 is divided by 103.
95
Calculate the remainder when 387264 is divided by 817.
6
What is the remainder when 41428 is divided by 4471?
1189
What is the remainder when 1012251 is divided by 27?
21
Calculate the remainder when 17674504 is divided by 11425.
29
What is the remainder when 226517 is divided by 256?
213
Calculate the remainder when 10669236 is divided by 53885.
6
What is the remainder when 20196363 is divided by 10806?
10755
Calculate the remainder when 4362710 is divided by 750.
710
Calculate the remainder when 1732775 is divided by 1994.
1983
Calculate the remainder when 508153775 is divided by 1392.
1391
What is the remainder when 47262333 is divided by 501?
498
What is the remainder when 30554407 is divided by 4364914?
9
Calculate the remainder when 5866280 is divided by 409.
402
What is the remainder when 437289 is divided by 217939?
1411
Calculate the remainder when 7569911 is divided by 628.
627
What is the remainder when 1562723 is divided by 306?
287
Calculate the remainder when 25490 is divided by 3922.
1958
What is the remainder when 267269 is divided by 3560?
269
Calculate the remainder when 580783 is divided by 6879.
2947
Calculate the remainder when 880067 is divided by 145.
62
Calculate the remainder when 3016217 is divided by 1508108.
1
What is the remainder when 101104 is divided by 5042?
264
Calculate the remainder when 275535 is divided by 5838.
1149
What is the remainder when 23195995 is divided by 217?
214
Calculate the remainder when 171588145 is divided by 537.
535
What is the remainder when 741114 is divided by 1229?
27
Calculate the remainder when 987598 is divided by 881.
878
What is the remainder when 11107083 is divided by 11?
9
Calculate the remainder when 106492 is divided by 484.
12
Calculate the remainder when 56902 is divided by 58.
4
Calculate the remainder when 12109583 is divided by 158.
147
What is the remainder when 23861641 is divided by 18077?
1
Calculate the remainder when 1138305 is divided by 398.
25
What is the remainder when 3903872 is divided by 1001?
973
What is the remainder when 14242 is divided by 11420?
2822
Calculate the remainder when 8220 is divided by 1438.
1030
What is the remainder when 1276526 is divided by 89?
88
What is the remainder when 810266 is divided by 9?
5
Calculate the remainder when 215808 is divided by 107888.
32
What is the remainder when 310888 is divided by 62140?
188
Calculate the remainder when 41861 is divided by 6751.
1355
What is the remainder when 2350873 is divided by 1401?
1396
Calculate the remainder when 10804328 is divided by 240096.
8
Calculate the remainder when 39839671 is divided by 95.
91
Calculate the remainder when 21628 is divided by 3521.
502
Calculate the remainder when 265638 is divided by 12404.
5154
What is the remainder when 124689 is divided by 166?
23
Calculate the remainder when 342686 is divided by 114142.
260
Calculate the remainder when 1475855 is divided by 1475829.
26
Calculate the remainder when 2244668 is divided by 290.
68
What is the remainder when 29107 is divided by 1058?
541
What is the remainder when 5900504 is divided by 3475?
3429
What is the remainder when 146300 is divided by 72933?
434
What is the remainder when 2182765 is divided by 727581?
22
Calculate the remainder when 29825181 is divided by 7.
1
Calculate the remainder when 66187 is divided by 416.
43
Calculate the remainder when 34302166 is divided by 60.
46
Calculate the remainder when 404146 is